e 14, what is 1201 + 17?
1218
In base 11, what is -4 - -248931?
248928
In base 15, what is -12 - 158?
-16a
In base 12, what is 8 + 1101?
1109
In base 9, what is 82 + -788?
-706
In base 10, what is -1 - 61302?
-61303
In base 14, what is -11 - 10155?
-10166
In base 12, what is -319b809 - 1?
-319b80a
In base 9, what is -53270 - 2?
-53272
In base 14, what is 3 - 4b47?
-4b44
In base 12, what is -8 + -61791?
-61799
In base 8, what is -17 + 210?
171
In base 6, what is -3 + -131502?
-131505
In base 3, what is 10 - 110022222122?
-110022222112
In base 16, what is 676 - -7?
67d
In base 6, what is 134 - -3200?
3334
In base 15, what is -12 - -3db?
3c9
In base 10, what is -401615 - -5?
-401610
In base 6, what is -212250 + 4?
-212242
In base 9, what is -345 + -2465?
-2821
In base 13, what is -24b + 1?
-24a
In base 6, what is -115204302 - 2?
-115204304
In base 11, what is -505730 + 3?
-505728
In base 15, what is -1036 - -1a?
-101b
In base 2, what is -10 - 1010011001011?
-1010011001101
In base 11, what is 3 - -8a07?
8a0a
In base 6, what is -3 + -20310501?
-20310504
In base 12, what is -1a - 2009a?
-200b8
In base 10, what is 3763 - 0?
3763
In base 13, what is -310 - -539?
229
In base 5, what is -211340110 + 3?
-211340102
In base 13, what is 8788 - -21?
87a9
In base 14, what is -4 - -1d0671?
1d066b
In base 7, what is 20 + 136362?
136412
In base 16, what is aa5 - -2?
aa7
In base 7, what is 20 + -51631?
-51611
In base 16, what is cfa + -29?
cd1
In base 7, what is -1154 + 16156?
15002
In base 4, what is 111 + 130032233?
130033010
In base 5, what is 2133 + 232403?
240041
In base 14, what is -78 + 6cd?
655
In base 7, what is -40120 + 1634?
-35153
In base 12, what is -4 - 179?
-181
In base 12, what is 31756 + 8?
31762
In base 10, what is 1 + 6478?
6479
In base 16, what is -19716 + 5?
-19711
In base 6, what is 144 + -240222?
-240034
In base 12, what is 84a9b - -2?
84aa1
In base 12, what is -1a8437 + -4?
-1a843b
In base 11, what is -a3890 - 2?
-a3892
In base 2, what is -110111100 - -1001010?
-101110010
In base 5, what is -2130 + 3313?
1133
In base 13, what is 333 + c41?
1274
In base 14, what is 1624 - -46?
166a
In base 7, what is 155 - 45165?
-45010
In base 7, what is -16306 - -12?
-16264
In base 2, what is -101 - -100111011011001100111?
100111011011001100010
In base 16, what is -192 - 91?
-223
In base 7, what is 14365 - 100?
14265
In base 14, what is 4 + c928a?
c9290
In base 11, what is 305 - 374?
-6a
In base 3, what is 222001 + 2000?
1001001
In base 11, what is -43a27 + 28?
-439aa
In base 8, what is -332 + -473?
-1025
In base 7, what is 2421663 - 14?
2421646
In base 16, what is cefb - -4?
ceff
In base 3, what is -21120112200 - 0?
-21120112200
In base 8, what is -253664 + 0?
-253664
In base 2, what is -101 + -10000110101000100?
-10000110101001001
In base 6, what is -4041 + -1012?
-5053
In base 10, what is -14201 + -5?
-14206
In base 4, what is -232331 + -20?
-233011
In base 9, what is -4 + 27751?
27746
In base 14, what is 29 - -7c7?
812
In base 11, what is -6123a - -14?
-61226
In base 5, what is 2 + -302100314?
-302100312
In base 6, what is -1335 + -15040?
-20415
In base 9, what is 2585 + 40?
2635
In base 7, what is -53 - -132415?
132332
In base 9, what is -473050 + -5?
-473055
In base 14, what is a + -2bd2?
-2bc6
In base 4, what is 111 + -2023201?
-2023030
In base 13, what is 39 + 20306?
20342
In base 16, what is -274a + 2db?
-246f
In base 9, what is -1675 - -27?
-1647
In base 3, what is 21110 + -12010022?
-11211212
In base 10, what is -6129 + 0?
-6129
In base 15, what is -4 + -1246ea?
-1246ee
In base 2, what is 1100011000000010101001 + -10?
1100011000000010100111
In base 6, what is 2120152 + 41?
2120233
In base 9, what is -43234 - -32?
-43202
In base 10, what is -8983 - -3?
-8980
In base 4, what is 3 - -20032120?
20032123
In base 10, what is 12965 + 20?
12985
In base 3, what is -1011222 - -110201?
-201021
In base 2, what is 110101111111010101 - 11?
110101111111010010
In base 12, what is 11 - 1b981?
-1b970
In base 14, what is d + 1a18?
1a27
In base 11, what is 23053 - -9?
23061
In base 4, what is 1333033 + -1100?
1331333
In base 6, what is 21250 - 4?
21242
In base 16, what is -6 + 1ef83?
1ef7d
In base 6, what is -31242541 + -3?
-31242544
In base 15, what is -4acc + -8?
-4ad5
In base 4, what is -300022312 - -11?
-300022301
In base 15, what is c673 + -14?
c65e
In base 10, what is -11339687 - -2?
-11339685
In base 9, what is 7477 + 276?
7764
In base 7, what is -365506 + -3?
-365512
In base 13, what is 44 - 54bc?
-5478
In base 16, what is -136f4 + 4?
-136f0
In base 14, what is -6713b + 4?
-67137
In base 15, what is 0 + 2d983?
2d983
In base 10, what is -28579 + 4?
-28575
In base 15, what is c995 - 1?
c994
In base 2, what is 11 - -10100010111000000?
10100010111000011
In base 10, what is -6688597 - -5?
-6688592
In base 13, what is 388c + 3?
3892
In base 6, what is -3315132 - 5?
-3315141
In base 4, what is 10000133112 - 2?
10000133110
In base 8, what is -6352 + -34?
-6406
In base 2, what is -1100110010000001 + 11?
-1100110001111110
In base 8, what is -4410 - -140?
-4250
In base 4, what is -10003302 - 3033?
-10013001
In base 14, what is -3 - -361?
35c
In base 9, what is -301 - -1408?
1107
In base 2, what is 111000010011011 - 11110?
111000001111101
In base 14, what is -5 + -9ad71?
-9ad76
In base 11, what is 1115a1a + 0?
1115a1a
In base 10, what is -84 - -44?
-40
In base 15, what is c8 - 11d?
-45
In base 5, what is 1403323 + -3?
1403320
In base 12, what is -221 - -621?
400
In base 5, what is -30 - -2244423?
2244343
In base 14, what is -9d3 - -dc?
-8d5
In base 7, what is 455244 - 11?
455233
In base 3, what is 1220 + 1201202?
1210122
In base 7, what is -2141 - -152?
-1656
In base 6, what is -5401225 + -1?
-5401230
In base 2, what is -1001001 - 11010100111100?
-11010110000101
In base 16, what is ff7 - -14?
100b
In base 12, what is 1596 + -8a?
1508
In base 13, what is -5cc9 - 0?
-5cc9
In base 6, what is 2021 - -2204?
4225
In base 6, what is -51 + -14333?
-14424
In base 14, what is 4 + 8109?
810d
In base 5, what is 12 - 3331002?
-3330440
In base 13, what is 82a1 + -5?
8299
In base 13, what is 29090 - -11?
290a1
In base 6, what is -11 + 105034?
105023
In base 11, what is -1733 - -3?
-1730
In base 4, what is 23 - 222312?
-222223
In base 10, what is 76 + -75?
1
In base 2, what is -11110 + -110101100111?
-110110000101
In base 6, what is 123 + 14244?
14411
In base 11, what is a2 - 186?
-94
In base 9, what is 2864 + 67?
3042
In base 15, what is 0 + -12b?
-12b
In base 11, what is 3 + -29750?
-29748
In base 2, what is 11010111 + 10000000101?
10011011100
In base 3, what is 10220 - -2120?
20110
In base 15, what is 2 - -35e6d?
35e70
In base 4, what is 112131203 + 10?
112131213
In base 6, what is -25 - 103?
-132
In base 8, what is 0 - 264144?
-264144
In base 5, what is -141 - 324?
-1020
In base 11, what is -a - 13a74?
-13a83
In base 11, what is -354 - -235?
-11a
In base 5, what is 1 - -22110?
22111
In base 10, what is 67956 - -1?
67957
In base 9, what is 1735 + -10?
1725
In base 10, what is -299 - 145?
-444
In base 5, what is -2123 + -34?
-2212
In base 9, what is -2 + -520006?
-520008
In base 13, what is 8 - -a951?
a959
In base 6, what is -32302 + -1013?
-33315
In base 3, what is 1 - -121011212?
121011220
In base 13, what is -7 - cca27?
-cca31
In base 14, what is 29620 + -53?
295ab
In base 8, what is -255023 - -21?
-255002
In base 3, what is -20201011 + -10?
-20201021
In base 11, what is 1 + 11522?
11523
In base 6, what is 415455 - 0?
415455
In base 14, what is -1 + 6503?
6502
In base 14, what is -60c + -17?
-625
In base 9, what is 15 - 558?
-543
In base 9, what is 214068 - 8?
214060
In base 11, what is a9 + 193?
291
In base 7, what is -55331 + -1?
-55332
In base 14, what is 0 - 3cc20?
-3cc20
In base 7, what is 6456 - -2126?
11615
In base 4, what is -10 - 13311120?
-13311130
In base 6, what is -12 - -10432?
10420
In base 16, what is 3a62 + 4?
3a66
In base 2, what is -100 + 1000000010110100010?
1000000010110011110
In base 10, what is 1016 - 23?
993
In base 12, what is -1a03 - 7?
-1a0a
In base 6, what is -422 + -1121?
-1543
In base 16, what is 8 + 5479?
5481
In base 13, what is -12 - -339?
327
In base 11, what is -2a04 - 27?
-2a30
In base 4, what is 3 + 12331113?
12331122
In base 3, what is -